













{"id":425,"date":"2020-08-17T18:19:33","date_gmt":"2020-08-17T18:19:33","guid":{"rendered":"https:\/\/www.sharmanestates.com\/?page_id=6"},"modified":"2020-09-27T22:08:45","modified_gmt":"2020-09-27T22:08:45","slug":"uber-uns","status":"publish","type":"page","link":"https:\/\/www.sharmanestates.com\/index.php\/de\/uber-uns\/","title":{"rendered":"\u00dcber uns"},"content":{"rendered":"\n<p>Unser Ziel als Unternehmen und Vertreter ist es, dass Sie von Anfang bis Ende ein freundliches, aber professionelles Gef\u00fchl bekommen, ohne sich ausgelassen zu f\u00fchlen. Wie Sie unseren Testimonials entnehmen k\u00f6nnen, streben wir nach h\u00f6chster Serviceform und k\u00f6nnen garantieren, dass Sie nicht entt\u00e4uscht werden. Mit einem gro\u00dfartigen Immobilien-Team, das aus Rechtsexperten, Bautr\u00e4gern und Baufirmen zwischen Spanien und Gro\u00dfbritannien besteht, sind wir perfekt f\u00fcr Kunden geeignet, die entweder ins Ausland nach Spanien oder zur\u00fcck nach Gro\u00dfbritannien ziehen m\u00f6chten.<\/p>\n\n\n\n<p>Suchen Sie nicht weiter, wir sind Ihr One-Stop-Shop an der Costa Blanca!<\/p>\n\n\n\n<h2 class=\"wp-block-heading\">Triff unser Team<\/h2>\n\n\n\n<div class=\"wp-block-image is-style-rounded\"><figure class=\"aligncenter size-large is-resized\"><img loading=\"lazy\" decoding=\"async\" src=\"https:\/\/www.sharmanestates.com\/wp-content\/uploads\/2020\/09\/meet-our-people-3-768x1024.jpg\" alt=\"\" class=\"wp-image-1061\" width=\"250\" height=\"324\"\/><figcaption>Sharon Garc\u00eda &#8211; Direktorin <br>(Alicante B\u00fcro)<\/figcaption><\/figure><\/div>\n\n\n\n<p>Nachdem ich in den letzten 10 Jahren in Gran Alacant gelebt und gearbeitet habe, habe ich festgestellt, wie frustrierend der Service f\u00fcr jemanden sein kann, der ein Haus kauft, sei es in Ihrer Heimat oder in einem fremden Land, ohne ein System zu verstehen, das sich st\u00e4ndig \u00e4ndert. Muttersprache in 3 Sprachen und Einheimischer an der Costa Blanca. Ich kann Ihnen bei jedem Service von Anfang bis Ende behilflich sein.<\/p>\n\n\n\n<h2 class=\"wp-block-heading\">Referenzen<\/h2>\n\n\n\t<div class=\"wtwp-testimonials-slider-wrp wptww-clearfix \" data-conf=\"{&quot;slides_column&quot;:1,&quot;slides_scroll&quot;:1,&quot;dots&quot;:&quot;true&quot;,&quot;arrows&quot;:&quot;true&quot;,&quot;autoplay&quot;:&quot;true&quot;,&quot;autoplay_interval&quot;:3000,&quot;rtl&quot;:&quot;false&quot;,&quot;speed&quot;:300,&quot;adaptive_height&quot;:&quot;false&quot;}\">\n\t\t<div id=\"wptww-testimonials-slidelist-1\" class=\"wptww-testimonials-slidelist design-1\">\n\t\t<div class=\"wptww-quote\">\r\n\t<div class=\"wptww-testimonial-left\">\r\n\t\t\t\t\t<div class=\"wptww-avtar-image\"><\/div>\r\n\t\t\t<\/div>\r\n\t<div class=\"wptww-testimonial-content\">\r\n\t\t<i class=\"fa fa-quote-left\"><\/i>\r\n\t\t<h4>Sharman Estates tar seg av alt<\/h4>\r\n\t\t<div class=\"wptww-testimonials-text\">\r\n\t\t\t<p>\r\n\t\t\t\t <em> \u00c5 kj\u00f8pe eiendom i Spania kan virke b\u00e5de forvirrende og komplisert for en nordmann. Spr\u00e5ket hos notarius og offentlige kontor foreg\u00e5r p\u00e5 spansk og prosessen er veldig annerledes enn i Norge. Jeg hadde p\u00e5 forh\u00e5nd bestemt meg for \u00e5 engasjere en advokat for \u00e5 ta seg av overtagelsen, men da avtalen med kj\u00f8per var klar tilbydde Sharon seg til \u00e5 ta seg av resten og for en langt lavere pris. Div. fullmakter ble underskrevet og Sharon ordnet med NIE og bankkonto. Salgsummen ble overf\u00f8rt og til slutt m\u00f8tet hos notarius publicus. Evt. skepsis var forlengst borte. Sharon er ogs\u00e5 \"keyholder\" . Hun tar seg inn i leiligheten for \u00e5 sjekke at alt er i orden og varsler om evt. husokkupanter skulle bryte seg inn. I tillegg kan jeg nevne at hun henter og bringer p\u00e5 flyplassen, rengj\u00f8ring og ellers formidler h\u00e5ndverkere div. Alle regninger og kommunikasjon med det offentlige, nettlei forsikringer div g\u00e5r gjennom Sharon. Da slipper jeg \u00e5 bekymre meg for at jeg ikke f\u00e5r med meg all info. Min spanske bank varsler meg hver gang kontoen blir belastet. Spansken min er s\u00e5 langt veldig d\u00e5rlig s\u00e5 da jeg skulle kj\u00f8pe bil fikk jeg Sharon til \u00e5 bli med. \u00c5 kj\u00f8pe n\u00e5 bil er stor stas , men Sharon hadde nok st\u00f8rre glede av \u00e5 reise rundt enn meg. Det det kostet \u00e5 engasjere henne ble fort tjent inn i redusert pris og lengre garanti. Sharon er full av energi, har et vinnende vesen og hennes gode hum\u00f8r er smittende. Har ingen problemer med \u00e5 anbefale Sharon. <\/em> \t\t\t<\/p>\r\n\t\t<\/div>\r\n\t<\/div>\r\n\t\t\t<div class=\"wptww-testimonial-client\">\r\n\t\t\tMartin Pr\u00f8is\t\t<\/div>\r\n\t<\/div><div class=\"wptww-quote\">\r\n\t<div class=\"wptww-testimonial-left\">\r\n\t\t\t\t\t<div class=\"wptww-avtar-image\"><\/div>\r\n\t\t\t<\/div>\r\n\t<div class=\"wptww-testimonial-content\">\r\n\t\t<i class=\"fa fa-quote-left\"><\/i>\r\n\t\t<h4>\u00a1 Sharon s&#8217;occupe de tout!<\/h4>\r\n\t\t<div class=\"wptww-testimonials-text\">\r\n\t\t\t<p>\r\n\t\t\t\t <em> L'achat d'une propri\u00e9t\u00e9 en Espagne peut \u00eatre d\u00e9routant et compliqu\u00e9 pour un Norv\u00e9gien. La langue des notaires et des bureaux publics est l'espagnol et le processus est tr\u00e8s diff\u00e9rent de celui de la Norv\u00e8ge. J'avais d\u00e9cid\u00e9 \u00e0 l'avance d'engager un avocat pour g\u00e9rer l'acquisition, mais lorsque l'accord avec l'acheteur \u00e9tait pr\u00eat, Sharon a propos\u00e9 de s'occuper du reste et pour un prix bien inf\u00e9rieur. Plusieurs autorisations ont \u00e9t\u00e9 sign\u00e9es et Sharon a organis\u00e9 un NIE et un compte bancaire. Le prix de vente a \u00e9t\u00e9 transf\u00e9r\u00e9 et enfin la rencontre avec le notaire. Tout scepticisme avait disparu. Sharon est aussi un \"porte-cl\u00e9s\". Elle v\u00e9rifie p\u00e9riodiquement l'appartement pour s'assurer que tout est en ordre et me tient inform\u00e9e. De plus, elle vient me chercher avec ma famille et nous ram\u00e8ne \u00e0 l'a\u00e9roport lorsque nous voyageons en Espagne et pr\u00e9pare l'appartement pour notre arriv\u00e9e. Toutes les factures et les communications avec les entit\u00e9s publiques, les assurances entre autres, passent \u00e9galement par Sharon, ce qui signifie que je n'ai pas \u00e0 me soucier de ne pas obtenir toutes les informations. Elle a \u00e9galement veill\u00e9 \u00e0 ce que tout soit mis en place en ligne, de la banque aux factures, donc je suis toujours au courant de ce qui se passe dans mes comptes \u00e0 l'\u00e9tranger. Mon espagnol est tr\u00e8s mauvais jusqu'\u00e0 pr\u00e9sent, alors quand j'allais acheter une voiture, j'ai demand\u00e9 \u00e0 Sharon de me joindre. Non seulement elle a n\u00e9goci\u00e9 une offre incroyable pour une voiture fantastique, ce qui est g\u00e9nial, mais Sharon m'a trait\u00e9 comme un amis \u00e0 tout moment, ce qui a rendu le processus encore plus agr\u00e9able. Ce qu'il en co\u00fbte pour louer leurs services est rapidement gagn\u00e9 \u00e0 un prix r\u00e9duit et avec une garantie plus longue. Sharon est pleine d'\u00e9nergie, a une nature gagnante et sa bonne humeur est contagieuse. Je n'ai aucun probl\u00e8me \u00e0 recommander Sharon! <\/em> \t\t\t<\/p>\r\n\t\t<\/div>\r\n\t<\/div>\r\n\t\t\t<div class=\"wptww-testimonial-client\">\r\n\t\t\tMartin Pr\u00f8is\t\t<\/div>\r\n\t<\/div><div class=\"wptww-quote\">\r\n\t<div class=\"wptww-testimonial-left\">\r\n\t\t\t\t\t<div class=\"wptww-avtar-image\"><\/div>\r\n\t\t\t<\/div>\r\n\t<div class=\"wptww-testimonial-content\">\r\n\t\t<i class=\"fa fa-quote-left\"><\/i>\r\n\t\t<h4>\u00a1Sharon se encarga de todo!<\/h4>\r\n\t\t<div class=\"wptww-testimonials-text\">\r\n\t\t\t<p>\r\n\t\t\t\t <em> Comprar una propiedad en Espa\u00f1a puede resultar confuso y complicado para un noruego. El idioma de los notarios y oficinas p\u00fablicas es el espa\u00f1ol y el proceso es muy diferente al de Noruega. Hab\u00eda decidido de antemano contratar a un abogado para que se ocupara de la adquisici\u00f3n, pero cuando el acuerdo con el comprador estuvo listo, Sharon se ofreci\u00f3 a hacerse cargo del resto y por un precio mucho menor. Se firmaron varias autorizaciones y Sharon organiz\u00f3 un NIE y una cuenta bancaria. Se traspas\u00f3 el precio de venta y finalmente la reuni\u00f3n con el notario. Cualquier escepticismo hab\u00eda desaparecido. Sharon revisa peri\u00f3dicamente el apartamento para asegurarse de que todo est\u00e9 en orden y me mantiene informado. Adem\u00e1s, nos recoge a m\u00ed y a mi familia y nos lleva de regreso al aeropuerto cuando viajamos a Espa\u00f1a y prepara el apartamento para nuestra llegada. Todas las facturas y comunicaci\u00f3n con las entidades p\u00fablicas, seguros entre otras cosas tambi\u00e9n pasan por Sharon, lo que significa que no tengo que preocuparme por no obtener toda la informaci\u00f3n. Tambi\u00e9n se ha asegurado de que todo est\u00e9 configurado en l\u00ednea, desde la banca hasta las facturas, por lo que siempre estoy al tanto de lo que sucede en mis cuentas en el extranjero. Mi espa\u00f1ol es muy malo hasta ahora, as\u00ed que cuando me iba a comprar un coche le ped\u00ed a Sharon que me acompa\u00f1ara. Ella no solo negoci\u00f3 un precio incre\u00edble para mi coche , lo cual es genial, sino que Sharon me trat\u00f3 como un amigo en todo momento, lo que hizo que el proceso fuera a\u00fan m\u00e1s agradable. Lo que cuesta contratarla se gana r\u00e1pidamente a un precio reducido y una garant\u00eda completa. Sharon est\u00e1 llena de energ\u00eda, tiene una naturaleza ganadora y su buen humor que es contagioso. \u00a1No tengo ning\u00fan problema en recomendar a Sharon! <\/em> \t\t\t<\/p>\r\n\t\t<\/div>\r\n\t<\/div>\r\n\t\t\t<div class=\"wptww-testimonial-client\">\r\n\t\t\tMartin Pr\u00f8is\t\t<\/div>\r\n\t<\/div><div class=\"wptww-quote\">\r\n\t<div class=\"wptww-testimonial-left\">\r\n\t\t\t\t\t<div class=\"wptww-avtar-image\"><\/div>\r\n\t\t\t<\/div>\r\n\t<div class=\"wptww-testimonial-content\">\r\n\t\t<i class=\"fa fa-quote-left\"><\/i>\r\n\t\t<h4>\u00a1No podr\u00edamos recomendarlos m\u00e1s!<\/h4>\r\n\t\t<div class=\"wptww-testimonials-text\">\r\n\t\t\t<p>\r\n\t\t\t\t <em> Nadie deber\u00eda considerar comprar o alquilar una propiedad en Espa\u00f1a sin tener un asesor competente que le ayude a gestionar todos los entresijos. Me complace decir que eso es exactamente lo que conseguimos con Sharon Garc\u00eda. Tenemos absoluta confianza en ella, adem\u00e1s de saber que siempre se preocupa por nuestros mejores intereses durante todo el proceso. Esperamos contar con muchos a\u00f1os m\u00e1s de su experiencia, ayuda y asesoramiento.\r\n\r\nMientras tanto, no dudamos en recomendar a Sharon Garc\u00eda a otras personas. Habla con ella en la etapa m\u00e1s temprana y no te decepcionar\u00e1. \u00a1Te prometo que dormir\u00e1s mejor sabiendo que ella siempre est\u00e1 ah\u00ed para ayudarte!\r\n\r\n&nbsp; <\/em> \t\t\t<\/p>\r\n\t\t<\/div>\r\n\t<\/div>\r\n\t\t\t<div class=\"wptww-testimonial-client\">\r\n\t\t\tSr. y Sra. Cuachard\t\t<\/div>\r\n\t<\/div><div class=\"wptww-quote\">\r\n\t<div class=\"wptww-testimonial-left\">\r\n\t\t\t\t\t<div class=\"wptww-avtar-image\"><\/div>\r\n\t\t\t<\/div>\r\n\t<div class=\"wptww-testimonial-content\">\r\n\t\t<i class=\"fa fa-quote-left\"><\/i>\r\n\t\t<h4>Je ne saurais trop recommander!<\/h4>\r\n\t\t<div class=\"wptww-testimonials-text\">\r\n\t\t\t<p>\r\n\t\t\t\t <em> Personne ne devrait envisager d'acheter ou louer une propri\u00e9t\u00e9 en Espagne sans un conseiller comp\u00e9tent vous aidant \u00e0 g\u00e9rer tous les \r\ntenants et aboutissants. Nous sommes ravis de confirmer que c'est exactement ce que nous obtenons de Sharon Garcia. Nous avons une confiance absolue en elle, tout en sachant qu\u2019elle a toujours nos meilleurs int\u00e9r\u00eats \u00e0 c\u0153ur tout au long du processus. Nous avons h\u00e2te de b\u00e9n\u00e9ficier de son exp\u00e9rience, son aide et ses conseils pour de nombreuses ann\u00e9es \u00e0 venir. \r\nEn attendant, nous n'h\u00e9sitons pas \u00e0 recommander Sharon Garcia \u00e0 d'autres. Parlez-lui le plus t\u00f4t possible et vous ne serez pas d\u00e9\u00e7u. Je vous promets que vous dormirez mieux en sachant qu\u2019elle est toujours l\u00e0 pour vous aider !\r\n <\/em> \t\t\t<\/p>\r\n\t\t<\/div>\r\n\t<\/div>\r\n\t\t\t<div class=\"wptww-testimonial-client\">\r\n\t\t\tMr &amp; Mrs Cauchard\t\t<\/div>\r\n\t<\/div><div class=\"wptww-quote\">\r\n\t<div class=\"wptww-testimonial-left\">\r\n\t\t\t\t\t<div class=\"wptww-avtar-image\"><\/div>\r\n\t\t\t<\/div>\r\n\t<div class=\"wptww-testimonial-content\">\r\n\t\t<i class=\"fa fa-quote-left\"><\/i>\r\n\t\t<h4>Sharon takes care of everything<\/h4>\r\n\t\t<div class=\"wptww-testimonials-text\">\r\n\t\t\t<p>\r\n\t\t\t\t <em> Buying a property in Spain can be both confusing and complicated for a Norwegian. The language of notaries and public offices is in Spanish and the process is very different than in Norway. I had decided in advance to hire a lawyer to take care of the takeover, but when the agreement with the buyer was ready, Sharon offered to take care of the rest and for a much lower price. Various authorizastions were signed and Sharon arranged an NIE and bank account. The sale price was transferred and finally the meeting with the notary public. Any skepticism was long gone. Sharon is also a \"keyholder\". She periodically checks on the apartment to make sure that everything is in order and keeps me updated. In addition,\u00a0 she picks me and my family up and drives us back to the airport when we travel to spain and prepares the apartment for our arrival. All bills and communication with the public entities, insurances amongst other things also go through Sharon meaning I do not have to worry about not getting all the info. She has also made sure all is set up online from banking to bills so I am always aware of what is going on in my foreign accounts.\u00a0 My Spanish is very bad so far,\u00a0 so when I was going to buy a car I got Sharon to join. She not only negociated an amazing deal on a fantastic car which is great, but Sharon treated me like a friend througout which made it even more of an ejoyable procees.\u00a0 What it cost to hire her was quickly earned in a reduced price and longer warranty. Sharon is full of energy, has a winning nature and her good mood is contagious. I have no problem recommending Sharon! <\/em> \t\t\t<\/p>\r\n\t\t<\/div>\r\n\t<\/div>\r\n\t\t\t<div class=\"wptww-testimonial-client\">\r\n\t\t\tMartin Pr\u00f8is\t\t<\/div>\r\n\t<\/div><div class=\"wptww-quote\">\r\n\t<div class=\"wptww-testimonial-left\">\r\n\t\t\t\t\t<div class=\"wptww-avtar-image\"><\/div>\r\n\t\t\t<\/div>\r\n\t<div class=\"wptww-testimonial-content\">\r\n\t\t<i class=\"fa fa-quote-left\"><\/i>\r\n\t\t<h4>Couldn&#8217;t recommend them enough!<\/h4>\r\n\t\t<div class=\"wptww-testimonials-text\">\r\n\t\t\t<p>\r\n\t\t\t\t <em> No one should consider purchasing or renting a property in Spain without having a competent advisor helping you manage all the ins and outs. I am delighted to say that is exactly what we get with Sharon Garcia. We have absolute confidence in her, as well as knowing she always has our best interests at heart during the whole process. We look forward to many more years of their experience, help, and advice.\r\n\r\nIn the meantime, we have no hesitation in recommending Sharon Garcia to others. Speak to her at the earliest stage and you will not be disappointed. I promise you will sleep better knowing she is always there to help you!\r\n\r\n&nbsp; <\/em> \t\t\t<\/p>\r\n\t\t<\/div>\r\n\t<\/div>\r\n\t\t\t<div class=\"wptww-testimonial-client\">\r\n\t\t\tMr &amp; Mrs Cauchard\t\t<\/div>\r\n\t<\/div><div class=\"wptww-quote\">\r\n\t<div class=\"wptww-testimonial-left\">\r\n\t\t\t\t\t<div class=\"wptww-avtar-image\"><\/div>\r\n\t\t\t<\/div>\r\n\t<div class=\"wptww-testimonial-content\">\r\n\t\t<i class=\"fa fa-quote-left\"><\/i>\r\n\t\t<h4>Can&#8217;t recommend enough!<\/h4>\r\n\t\t<div class=\"wptww-testimonials-text\">\r\n\t\t\t<p>\r\n\t\t\t\t <em> No one should consider purchasing or renting a property in Spain without having a competent advisor helping you manage all the ins and outs. I am delighted to say that is exactly what we get with Sharon Garcia at Sharman Estates. We have absolute confidence in her, as well as knowing she always has our best interests at heart during the whole process. We look forward to many more years of their experience, help, and advice.\r\nIn the meantime, we have no hesitation in recommending Sharon Garcia to others. Speak to her at the earliest stage and you will not be disappointed. I promise you will sleep better knowing she is always there to help you!\r\n <\/em> \t\t\t<\/p>\r\n\t\t<\/div>\r\n\t<\/div>\r\n\t<\/div>\t\t<\/div>\n\t<\/div>\n\n\t\n","protected":false},"excerpt":{"rendered":"<p>Unser Ziel als Unternehmen und Vertreter ist es, dass Sie von Anfang bis Ende ein freundliches, aber professionelles Gef\u00fchl bekommen, ohne sich ausgelassen zu f\u00fchlen. Wie Sie unseren Testimonials entnehmen k\u00f6nnen, streben wir nach h\u00f6chster Serviceform und k\u00f6nnen garantieren, dass Sie nicht entt\u00e4uscht werden. Mit einem gro\u00dfartigen Immobilien-Team, das aus Rechtsexperten, Bautr\u00e4gern und Baufirmen zwischen [&hellip;]<\/p>\n","protected":false},"author":5,"featured_media":0,"parent":0,"menu_order":0,"comment_status":"closed","ping_status":"closed","template":"","meta":{"_monsterinsights_skip_tracking":false,"_monsterinsights_sitenote_active":false,"_monsterinsights_sitenote_note":"","_monsterinsights_sitenote_category":0,"footnotes":""},"jetpack_sharing_enabled":true,"_links":{"self":[{"href":"https:\/\/www.sharmanestates.com\/index.php\/wp-json\/wp\/v2\/pages\/425"}],"collection":[{"href":"https:\/\/www.sharmanestates.com\/index.php\/wp-json\/wp\/v2\/pages"}],"about":[{"href":"https:\/\/www.sharmanestates.com\/index.php\/wp-json\/wp\/v2\/types\/page"}],"author":[{"embeddable":true,"href":"https:\/\/www.sharmanestates.com\/index.php\/wp-json\/wp\/v2\/users\/5"}],"replies":[{"embeddable":true,"href":"https:\/\/www.sharmanestates.com\/index.php\/wp-json\/wp\/v2\/comments?post=425"}],"version-history":[{"count":5,"href":"https:\/\/www.sharmanestates.com\/index.php\/wp-json\/wp\/v2\/pages\/425\/revisions"}],"predecessor-version":[{"id":1238,"href":"https:\/\/www.sharmanestates.com\/index.php\/wp-json\/wp\/v2\/pages\/425\/revisions\/1238"}],"wp:attachment":[{"href":"https:\/\/www.sharmanestates.com\/index.php\/wp-json\/wp\/v2\/media?parent=425"}],"curies":[{"name":"wp","href":"https:\/\/api.w.org\/{rel}","templated":true}]}}