













{"id":439,"date":"2020-08-24T20:00:34","date_gmt":"2020-08-24T20:00:34","guid":{"rendered":"https:\/\/www.sharmanestates.com\/?page_id=239"},"modified":"2020-10-12T18:46:04","modified_gmt":"2020-10-12T18:46:04","slug":"informacion-de","status":"publish","type":"page","link":"https:\/\/www.sharmanestates.com\/index.php\/es\/informacion-de\/","title":{"rendered":"Informaci\u00f3n"},"content":{"rendered":"\n<p>Sharman Estates ofrece una gran variedad de servicios. Nos enorgullecemos de nuestro servicio de atenci\u00f3n al cliente flexible y a medida, para satisfacer sus necesidades individuales.<\/p>\n\n\n\n<p>Haga clic <a href=\"https:\/\/www.sharmanestates.com\/index.php\/contact-us\/\">&#8220;Solicitar presupuesto&#8221;<\/a> para pedir un presupuesto gratuito, sin compromiso hoy!<\/p>\n\n\n\n<hr class=\"wp-block-separator\"\/>\n\n\n\n<h3 class=\"wp-block-heading\" id=\"property-management\">Servicios de Gesti\u00f3n y Mantenimiento de Propiedades<\/h3>\n\n\n\n<p id=\"block-970ebf44-25b3-413c-8eab-90c16ccc0ea1\">Nos ocupamos de todas las necesidades de su propiedad*, desde cuidar de su casa cuando usted est\u00e1 fuera hasta la gesti\u00f3n de todos los servicios relacionados con el alquiler de su casa si esta es la ruta que decide tomar.<\/p>\n\n\n\n<h4 class=\"has-text-align-center wp-block-heading\">Servicios de alquiler:<\/h4>\n\n\n\n<div class=\"wp-block-group\"><div class=\"wp-block-group__inner-container is-layout-flow wp-block-group-is-layout-flow\">\n<ul id=\"block-0d805f1b-d0f1-46fb-ab7f-6b1e09ea80be\"><li>Encontrar inquilinos para arrendamientos a largo y corto plazo.<\/li><li>Servicio de check-in y check-out.<\/li><li>Servicios de limpieza *<\/li><li>Paquetes de bienvenida*<\/li><li>Mantenimiento de la piscina*<\/li><li>Mantenimiento de jardiner\u00eda*<\/li><\/ul>\n\n\n\n<hr class=\"wp-block-separator\"\/>\n\n\n\n<p><\/p>\n<\/div><\/div>\n\n\n\n<h3 class=\"wp-block-heading\" id=\"pre-post-sale\">Servicios adicionales<\/h3>\n\n\n\n<p>Queremos que su experiencia con Sharman Estates sea lo m\u00e1s simple y libre de estr\u00e9s posible, y la gama de servicios que ofrecemos refleja este esp\u00edritu. <\/p>\n\n\n\n<p style=\"font-size:18px\"><strong>Servicios administrativos<\/strong><\/p>\n\n\n\n<ul><li>Obtenci\u00f3n de NIE y\/o residencia<\/li><li>Revisi\u00f3n tanto de la oferta como de los contratos privados<\/li><li>Formularios de inscripci\u00f3n <\/li><li>Apertura de cuentas bancarias<\/li><li>Cualquier servicio relacionado con el veh\u00edculo <\/li><\/ul>\n\n\n\n<p style=\"font-size:18px\"><strong>Servicios relacionados con impuestos<\/strong><\/p>\n\n\n\n<ul><li>Declaraciones de Renta e IRPF<\/li><li>Representaci\u00f3n fiscal en la administraci\u00f3n p\u00fablica<\/li><li>Informaci\u00f3n y asesoramiento fiscal<\/li><\/ul>\n\n\n\n<p style=\"font-size:18px\"><strong>Otros servicios<\/strong><\/p>\n\n\n\n<ul><li>Todo tipo de seguros<\/li><li><a href=\"http:\/\/www.topsrentacar.com\/\">Alquiler de coches<\/a><\/li><li><a href=\"http:\/\/www.granalacantconstructions.com\">Presupuestos para reformas y construcciones<\/a><\/li><\/ul>\n\n\n\n<p>No hay servicio demasiado peque\u00f1o, as\u00ed que si no encuentras lo que buscas, ponte en contacto con nosotros y te ayudaremos.<\/p>\n\n\n\n<hr class=\"wp-block-separator\"\/>\n\n\n\n<h3 class=\"wp-block-heading\" id=\"mortgages\">Hipotecas<\/h3>\n\n\n\n<p>Si usted est\u00e1 planeando financiar su casa con una hipoteca, Sharman Estates est\u00e1n aqu\u00ed para ayudar. Trabajamos con los principales bancos y corredores de toda Espa\u00f1a, para adaptar la mejor oferta posible para usted. Haga clic <a href=\"https:\/\/www.sharmanestates.com\/index.php\/contact-us\/\">&#8220;Cont\u00e1ctenos&#8221;<\/a> para obtener m\u00e1s informaci\u00f3n.<\/p>\n\n\n\n<p><\/p>\n","protected":false},"excerpt":{"rendered":"<p>Sharman Estates ofrece una gran variedad de servicios. Nos enorgullecemos de nuestro servicio de atenci\u00f3n al cliente flexible y a medida, para satisfacer sus necesidades individuales. Haga clic &#8220;Solicitar presupuesto&#8221; para pedir un presupuesto gratuito, sin compromiso hoy! Servicios de Gesti\u00f3n y Mantenimiento de Propiedades Nos ocupamos de todas las necesidades de su propiedad*, desde [&hellip;]<\/p>\n","protected":false},"author":5,"featured_media":0,"parent":0,"menu_order":0,"comment_status":"closed","ping_status":"closed","template":"","meta":{"_monsterinsights_skip_tracking":false,"_monsterinsights_sitenote_active":false,"_monsterinsights_sitenote_note":"","_monsterinsights_sitenote_category":0,"footnotes":""},"jetpack_sharing_enabled":true,"_links":{"self":[{"href":"https:\/\/www.sharmanestates.com\/index.php\/wp-json\/wp\/v2\/pages\/439"}],"collection":[{"href":"https:\/\/www.sharmanestates.com\/index.php\/wp-json\/wp\/v2\/pages"}],"about":[{"href":"https:\/\/www.sharmanestates.com\/index.php\/wp-json\/wp\/v2\/types\/page"}],"author":[{"embeddable":true,"href":"https:\/\/www.sharmanestates.com\/index.php\/wp-json\/wp\/v2\/users\/5"}],"replies":[{"embeddable":true,"href":"https:\/\/www.sharmanestates.com\/index.php\/wp-json\/wp\/v2\/comments?post=439"}],"version-history":[{"count":14,"href":"https:\/\/www.sharmanestates.com\/index.php\/wp-json\/wp\/v2\/pages\/439\/revisions"}],"predecessor-version":[{"id":1755,"href":"https:\/\/www.sharmanestates.com\/index.php\/wp-json\/wp\/v2\/pages\/439\/revisions\/1755"}],"wp:attachment":[{"href":"https:\/\/www.sharmanestates.com\/index.php\/wp-json\/wp\/v2\/media?parent=439"}],"curies":[{"name":"wp","href":"https:\/\/api.w.org\/{rel}","templated":true}]}}