













{"id":458,"date":"2020-08-22T18:13:12","date_gmt":"2020-08-22T18:13:12","guid":{"rendered":"https:\/\/www.sharmanestates.com\/?page_id=167"},"modified":"2020-09-27T19:50:21","modified_gmt":"2020-09-27T19:50:21","slug":"demande-evaluation","status":"publish","type":"page","link":"https:\/\/www.sharmanestates.com\/index.php\/fr\/demande-evaluation\/","title":{"rendered":"Demander une \u00e9valuation"},"content":{"rendered":"\n<p>Demandez une \u00e9valuation de votre propri\u00e9t\u00e9 d\u00e8s aujourd&#8217;hui! Notre \u00e9quipe exp\u00e9riment\u00e9e travaillera pour vous donner une \u00e9valuation pr\u00e9cise, soit virtuellement, soit en personne.<\/p>\n\n\n[rainmaker_form id=&#8221;380&#8243;]\n","protected":false},"excerpt":{"rendered":"<p>Demandez une \u00e9valuation de votre propri\u00e9t\u00e9 d\u00e8s aujourd&#8217;hui! Notre \u00e9quipe exp\u00e9riment\u00e9e travaillera pour vous donner une \u00e9valuation pr\u00e9cise, soit virtuellement, soit en personne.<\/p>\n","protected":false},"author":5,"featured_media":0,"parent":0,"menu_order":0,"comment_status":"closed","ping_status":"closed","template":"","meta":{"_monsterinsights_skip_tracking":false,"_monsterinsights_sitenote_active":false,"_monsterinsights_sitenote_note":"","_monsterinsights_sitenote_category":0,"footnotes":""},"jetpack_sharing_enabled":true,"_links":{"self":[{"href":"https:\/\/www.sharmanestates.com\/index.php\/wp-json\/wp\/v2\/pages\/458"}],"collection":[{"href":"https:\/\/www.sharmanestates.com\/index.php\/wp-json\/wp\/v2\/pages"}],"about":[{"href":"https:\/\/www.sharmanestates.com\/index.php\/wp-json\/wp\/v2\/types\/page"}],"author":[{"embeddable":true,"href":"https:\/\/www.sharmanestates.com\/index.php\/wp-json\/wp\/v2\/users\/5"}],"replies":[{"embeddable":true,"href":"https:\/\/www.sharmanestates.com\/index.php\/wp-json\/wp\/v2\/comments?post=458"}],"version-history":[{"count":1,"href":"https:\/\/www.sharmanestates.com\/index.php\/wp-json\/wp\/v2\/pages\/458\/revisions"}],"predecessor-version":[{"id":1212,"href":"https:\/\/www.sharmanestates.com\/index.php\/wp-json\/wp\/v2\/pages\/458\/revisions\/1212"}],"wp:attachment":[{"href":"https:\/\/www.sharmanestates.com\/index.php\/wp-json\/wp\/v2\/media?parent=458"}],"curies":[{"name":"wp","href":"https:\/\/api.w.org\/{rel}","templated":true}]}}