













{"id":501,"date":"2020-08-24T20:00:34","date_gmt":"2020-08-24T20:00:34","guid":{"rendered":"https:\/\/www.sharmanestates.com\/?page_id=239"},"modified":"2020-10-12T18:48:58","modified_gmt":"2020-10-12T18:48:58","slug":"informationen","status":"publish","type":"page","link":"https:\/\/www.sharmanestates.com\/index.php\/de\/informationen\/","title":{"rendered":""},"content":{"rendered":"\n<p>Sharman Estates bietet eine gro\u00dfe Auswahl an Dienstleistungen. Wir sind stolz auf unseren flexiblen, ma\u00dfgeschneiderten Kundenservice, der Ihren individuellen Bed\u00fcrfnissen entspricht.<\/p>\n\n\n\n<p>Klicken S<a href=\"https:\/\/www.sharmanestates.com\/index.php\/contact-us\/\">ie auf &#8220;Angebot anforde<\/a>rn&#8221;, um noch heute ein kostenloses, unverbindliches Angebot zu erhalten!<\/p>\n\n\n\n<hr class=\"wp-block-separator\"\/>\n\n\n\n<h3 class=\"wp-block-heading\" id=\"property-management\">Property Management Services<\/h3>\n\n\n\n<p id=\"block-970ebf44-25b3-413c-8eab-90c16ccc0ea1\">Wir k\u00fcmmern uns um alle Ihre Immobilienbed\u00fcrfnisse*, von der Pflege Ihres Hauses, wenn Sie weg sind, um alle Dienstleistungen im Zusammenhang mit der Vermietung Ihres Hauses zu verwalten, wenn dies der Weg ist, den Sie w\u00e4hlen, zu gehen.<\/p>\n\n\n\n<h4 class=\"has-text-align-center wp-block-heading\">Vermietungsleistungen:<\/h4>\n\n\n\n<div class=\"wp-block-group\"><div class=\"wp-block-group__inner-container is-layout-flow wp-block-group-is-layout-flow\">\n<ul id=\"block-0d805f1b-d0f1-46fb-ab7f-6b1e09ea80be\"><li>Mieter f\u00fcr langfristige und kurzfristige Vermietungen finden.<\/li><li>Check-in- und Check-out-Service.<\/li><li>Reinigungsservice *<\/li><li>Willkommenspakete*<\/li><li>Poolpflege*<\/li><li>Gartenpflege*<\/li><\/ul>\n\n\n\n<hr class=\"wp-block-separator\"\/>\n\n\n\n<p><\/p>\n<\/div><\/div>\n\n\n\n<h3 class=\"wp-block-heading\" id=\"pre-post-sale\">Zus\u00e4tzliche Dienstleistungen<\/h3>\n\n\n\n<p>Wir m\u00f6chten Ihre Erfahrung mit Sharman Estates so einfach und stressfrei wie m\u00f6glich machen, und das Leistungsspektrum, das wir anbieten, spiegelt dieses Ethos wider. <\/p>\n\n\n\n<p style=\"font-size:18px\"><strong>Verwaltungsdienste<\/strong><\/p>\n\n\n\n<ul><li>Erhalt von NIE und\/oder Wohnsitz<\/li><li>\u00dcberpr\u00fcfung von Liefer- und Privatvertr\u00e4gen<\/li><li>Anmeldeformulare <\/li><li>Er\u00f6ffnung von Bankkonten<\/li><li>Alle fahrzeugbezogenen Dienstleistungen <\/li><\/ul>\n\n\n\n<p style=\"font-size:18px\"><strong>Steuerbezogene Dienstleistungen<\/strong><\/p>\n\n\n\n<ul><li>Steuererkl\u00e4rungen und Einkommensteuer<\/li><li>Steuerliche Vertretung in der \u00f6ffentlichen Verwaltung<\/li><li>Steuerinformationen und Beratung<\/li><\/ul>\n\n\n\n<p style=\"font-size:18px\"><strong>Sonstige Dienstleistungen<\/strong><\/p>\n\n\n\n<ul><li>Alle Arten von Versicherungen<\/li><li><a href=\"http:\/\/www.topsrentacar.com\/\" target=\"_blank\" rel=\"noreferrer noopener\">Autovermietung<\/a><\/li><li><a href=\"http:\/\/www.granalacantconstructions.com\" target=\"_blank\" rel=\"noreferrer noopener\">Angebote f\u00fcr Sanierungs- und Bauarbeiten<\/a><\/li><\/ul>\n\n\n\n<p>Es gibt keinen Service zu klein, also wenn Sie nicht finden, was Sie suchen, kontaktieren Sie uns und wir werden Ihnen helfen.<\/p>\n\n\n\n<hr class=\"wp-block-separator\"\/>\n\n\n\n<h3 class=\"wp-block-heading\" id=\"mortgages\">Hypotheken<\/h3>\n\n\n\n<p>Wenn Sie planen, Ihr Haus mit einer Hypothek zu finanzieren, sind Sharman Estates hier, um Ihnen zu helfen. Wir arbeiten mit gro\u00dfen Banken und Brokern in ganz Spanien zusammen, um das bestm\u00f6gliche Angebot f\u00fcr Sie zu gestalten. Klicken<a href=\"https:\/\/www.sharmanestates.com\/index.php\/contact-us\/\"> Sie auf &#8220;Kontakt<\/a>&#8221; , um mehr zu erfahren.<\/p>\n\n\n\n<p><\/p>\n","protected":false},"excerpt":{"rendered":"<p>Sharman Estates bietet eine gro\u00dfe Auswahl an Dienstleistungen. Wir sind stolz auf unseren flexiblen, ma\u00dfgeschneiderten Kundenservice, der Ihren individuellen Bed\u00fcrfnissen entspricht. Klicken Sie auf &#8220;Angebot anfordern&#8221;, um noch heute ein kostenloses, unverbindliches Angebot zu erhalten! Property Management Services Wir k\u00fcmmern uns um alle Ihre Immobilienbed\u00fcrfnisse*, von der Pflege Ihres Hauses, wenn Sie weg sind, um [&hellip;]<\/p>\n","protected":false},"author":5,"featured_media":0,"parent":0,"menu_order":0,"comment_status":"closed","ping_status":"closed","template":"","meta":{"_monsterinsights_skip_tracking":false,"_monsterinsights_sitenote_active":false,"_monsterinsights_sitenote_note":"","_monsterinsights_sitenote_category":0,"footnotes":""},"jetpack_sharing_enabled":true,"_links":{"self":[{"href":"https:\/\/www.sharmanestates.com\/index.php\/wp-json\/wp\/v2\/pages\/501"}],"collection":[{"href":"https:\/\/www.sharmanestates.com\/index.php\/wp-json\/wp\/v2\/pages"}],"about":[{"href":"https:\/\/www.sharmanestates.com\/index.php\/wp-json\/wp\/v2\/types\/page"}],"author":[{"embeddable":true,"href":"https:\/\/www.sharmanestates.com\/index.php\/wp-json\/wp\/v2\/users\/5"}],"replies":[{"embeddable":true,"href":"https:\/\/www.sharmanestates.com\/index.php\/wp-json\/wp\/v2\/comments?post=501"}],"version-history":[{"count":6,"href":"https:\/\/www.sharmanestates.com\/index.php\/wp-json\/wp\/v2\/pages\/501\/revisions"}],"predecessor-version":[{"id":1758,"href":"https:\/\/www.sharmanestates.com\/index.php\/wp-json\/wp\/v2\/pages\/501\/revisions\/1758"}],"wp:attachment":[{"href":"https:\/\/www.sharmanestates.com\/index.php\/wp-json\/wp\/v2\/media?parent=501"}],"curies":[{"name":"wp","href":"https:\/\/api.w.org\/{rel}","templated":true}]}}