













{"id":508,"date":"2020-08-24T20:00:22","date_gmt":"2020-08-24T20:00:22","guid":{"rendered":"https:\/\/www.sharmanestates.com\/?page_id=237"},"modified":"2020-09-09T14:30:05","modified_gmt":"2020-09-09T14:30:05","slug":"verkaufen","status":"publish","type":"page","link":"https:\/\/www.sharmanestates.com\/index.php\/de\/verkaufen\/","title":{"rendered":"Verkaufen"},"content":{"rendered":"\n<p>Der Verkauf eines Hauses kann ein m\u00fchsamer und komplizierter Prozess sein. Gl\u00fccklicherweise sind Sharman Estates hier, um es zu vereinfachen. Unser Erfahrungsschatz und unsere Anleitung stehen Ihnen jederzeit zur Verf\u00fcgung, um sicherzustellen, dass der Verkauf Ihrer Immobilie so reibungslos wie m\u00f6glich verl\u00e4uft. <\/p>\n\n\n\n<h3 class=\"wp-block-heading\">Was ben\u00f6tigen Sie, um den Verkaufsvorgang zu starten?<\/h3>\n\n\n\n<ol><li>Klicken Sie auf die Schaltfl\u00e4che &#8220;Kontakt&#8221;, um einen unverbindlichen Termin oder ein Angebot zu vereinbaren. Wir bieten dann Fachwissen, das auf Ihre individuellen Bed\u00fcrfnisse zugeschnitten ist, und beraten Sie, wie Sie vorgehen m\u00fcssen.<\/li><li>Unser Agent wird Ihnen erl\u00e4utern, was Sie beim Verkauf mit Sharman Estates erhalten.<\/li><li>Unterzeichnung des Verkaufsmandatsvertrags.<\/li><li>Wir werden vor dem Fotoshooting einen Termin vereinbaren, um die Immobilie zu besichtigen und sie bestm\u00f6glich zu bewerben.<\/li><li>Wenn Sie nicht in der Unterkunft wohnen, stellen Sie uns bitte nach Vertragsunterzeichnung einen Schl\u00fcsselsatz zur Verf\u00fcgung. Bitte denken Sie daran, auch einen Schl\u00fcssel f\u00fcr die Urbanisierung zu erm\u00f6glichen.<\/li><\/ol>\n\n\n\n<h3 class=\"wp-block-heading\">Haus verkaufen &#8211; Erforderliche Dokumente<\/h3>\n\n\n\n<p>Sobald Sie entschieden haben, dass es Zeit ist, fortzufahren, werden die folgenden Dokumente ben\u00f6tigt:<\/p>\n\n\n\n<ul><li>Die urspr\u00fcngliche Kaufurkunde.<\/li><li>Energiezertifikat.<\/li><li>P\u00e4sse \/ DNI \/ NIE.<\/li><li>Neueste Stromrechnungen.<\/li><li>IBI-Quittung.<\/li><li>Alle Dokumente in Bezug auf Arbeiten, die im Laufe der Jahre auf dem Grundst\u00fcck ausgef\u00fchrt wurden.<\/li><\/ul>\n","protected":false},"excerpt":{"rendered":"<p>Der Verkauf eines Hauses kann ein m\u00fchsamer und komplizierter Prozess sein. Gl\u00fccklicherweise sind Sharman Estates hier, um es zu vereinfachen. Unser Erfahrungsschatz und unsere Anleitung stehen Ihnen jederzeit zur Verf\u00fcgung, um sicherzustellen, dass der Verkauf Ihrer Immobilie so reibungslos wie m\u00f6glich verl\u00e4uft. Was ben\u00f6tigen Sie, um den Verkaufsvorgang zu starten? Klicken Sie auf die Schaltfl\u00e4che [&hellip;]<\/p>\n","protected":false},"author":5,"featured_media":0,"parent":0,"menu_order":0,"comment_status":"closed","ping_status":"closed","template":"","meta":{"_monsterinsights_skip_tracking":false,"_monsterinsights_sitenote_active":false,"_monsterinsights_sitenote_note":"","_monsterinsights_sitenote_category":0,"footnotes":""},"jetpack_sharing_enabled":true,"_links":{"self":[{"href":"https:\/\/www.sharmanestates.com\/index.php\/wp-json\/wp\/v2\/pages\/508"}],"collection":[{"href":"https:\/\/www.sharmanestates.com\/index.php\/wp-json\/wp\/v2\/pages"}],"about":[{"href":"https:\/\/www.sharmanestates.com\/index.php\/wp-json\/wp\/v2\/types\/page"}],"author":[{"embeddable":true,"href":"https:\/\/www.sharmanestates.com\/index.php\/wp-json\/wp\/v2\/users\/5"}],"replies":[{"embeddable":true,"href":"https:\/\/www.sharmanestates.com\/index.php\/wp-json\/wp\/v2\/comments?post=508"}],"version-history":[{"count":1,"href":"https:\/\/www.sharmanestates.com\/index.php\/wp-json\/wp\/v2\/pages\/508\/revisions"}],"predecessor-version":[{"id":661,"href":"https:\/\/www.sharmanestates.com\/index.php\/wp-json\/wp\/v2\/pages\/508\/revisions\/661"}],"wp:attachment":[{"href":"https:\/\/www.sharmanestates.com\/index.php\/wp-json\/wp\/v2\/media?parent=508"}],"curies":[{"name":"wp","href":"https:\/\/api.w.org\/{rel}","templated":true}]}}