













{"id":509,"date":"2020-08-24T20:00:22","date_gmt":"2020-08-24T20:00:22","guid":{"rendered":"https:\/\/www.sharmanestates.com\/?page_id=237"},"modified":"2020-08-24T20:00:22","modified_gmt":"2020-08-24T20:00:22","slug":"selge","status":"publish","type":"page","link":"https:\/\/www.sharmanestates.com\/index.php\/no\/selge\/","title":{"rendered":"Selge"},"content":{"rendered":"\n<p>\u00c5 selge et hus kan v\u00e6re en anstrengende og komplisert prosess. Heldigvis er Sharman Estates her for \u00e5 forenkle det. V\u00e5r store mengde erfaring og veiledning er alltid tilgjengelig for \u00e5 sikre at salg av eiendommen din g\u00e5r s\u00e5 greit som mulig. <\/p>\n\n\n\n<h3 class=\"wp-block-heading\">Hva trenger du for \u00e5 starte salgsprosedyren?<\/h3>\n\n\n\n<ol><li>Klikk p\u00e5 &quot;Kontakt oss&quot; -knappen for \u00e5 avtale en avtale uten forpliktelser eller tilbud. Deretter tilbyr vi ekspertise skreddersydd for dine individuelle behov, samt gir r\u00e5d om hvordan du g\u00e5r frem.<\/li><li>V\u00e5r agent vil skissere hva du f\u00e5r n\u00e5r du selger med Sharman Estates.<\/li><li>Signering av salgsmandatkontrakten.<\/li><li>S\u00f8rg for \u00e5 style eiendommen din f\u00f8r du tar bilder.<\/li><li>Hvis du ikke bor i eiendommen, vennligst gi oss et sett n\u00f8kler etter signering av kontrakten. Husk \u00e5 legge til rette for en n\u00f8kkel ogs\u00e5 for urbaniseringen.<\/li><\/ol>\n\n\n\n<h3 class=\"wp-block-heading\">Selge et hus &#8211; p\u00e5krevde dokumenter<\/h3>\n\n\n\n<p>N\u00e5r du har bestemt at det er p\u00e5 tide \u00e5 g\u00e5 videre, kreves f\u00f8lgende dokumenter:<\/p>\n\n\n\n<ul><li>Den opprinnelige skj\u00f8tet.<\/li><li>Energisertifikat.<\/li><li>Pass \/ DNI \/ NIE.<\/li><li>Siste str\u00f8mregninger.<\/li><li>IBI-kvittering.<\/li><li>Eventuelle dokumenter relatert til verk utf\u00f8rt p\u00e5 eiendommen gjennom \u00e5rene.<\/li><\/ul>\n","protected":false},"excerpt":{"rendered":"<p>\u00c5 selge et hus kan v\u00e6re en anstrengende og komplisert prosess. Heldigvis er Sharman Estates her for \u00e5 forenkle det. V\u00e5r store mengde erfaring og veiledning er alltid tilgjengelig for \u00e5 sikre at salg av eiendommen din g\u00e5r s\u00e5 greit som mulig. Hva trenger du for \u00e5 starte salgsprosedyren? Klikk p\u00e5 &quot;Kontakt oss&quot; -knappen for [&hellip;]<\/p>\n","protected":false},"author":5,"featured_media":0,"parent":0,"menu_order":0,"comment_status":"closed","ping_status":"closed","template":"","meta":{"_monsterinsights_skip_tracking":false,"_monsterinsights_sitenote_active":false,"_monsterinsights_sitenote_note":"","_monsterinsights_sitenote_category":0,"footnotes":""},"jetpack_sharing_enabled":true,"_links":{"self":[{"href":"https:\/\/www.sharmanestates.com\/index.php\/wp-json\/wp\/v2\/pages\/509"}],"collection":[{"href":"https:\/\/www.sharmanestates.com\/index.php\/wp-json\/wp\/v2\/pages"}],"about":[{"href":"https:\/\/www.sharmanestates.com\/index.php\/wp-json\/wp\/v2\/types\/page"}],"author":[{"embeddable":true,"href":"https:\/\/www.sharmanestates.com\/index.php\/wp-json\/wp\/v2\/users\/5"}],"replies":[{"embeddable":true,"href":"https:\/\/www.sharmanestates.com\/index.php\/wp-json\/wp\/v2\/comments?post=509"}],"version-history":[{"count":0,"href":"https:\/\/www.sharmanestates.com\/index.php\/wp-json\/wp\/v2\/pages\/509\/revisions"}],"wp:attachment":[{"href":"https:\/\/www.sharmanestates.com\/index.php\/wp-json\/wp\/v2\/media?parent=509"}],"curies":[{"name":"wp","href":"https:\/\/api.w.org\/{rel}","templated":true}]}}